is the remainder when x is divided by 17?
9
Suppose -2*q = -5*c + 2*c + 139, -3*c + 144 = 3*q. Calculate the remainder when c is divided by 5.
2
Suppose -2 = 3*v + 3*b - 134, 0 = 5*v + b - 204. Calculate the remainder when 75 is divided by v.
35
Let m = 25 + -18. Let l = 4 + m. Suppose -120 = 14*g - 18*g. What is the remainder when g is divided by l?
8
Calculate the remainder when 40 + -2 - 36/12 is divided by 2.
1
Let r(i) = -i**3 - 7*i**2 - 2*i - 3. What is the remainder when (-1*(0 - -1))/((-1)/43) is divided by r(-7)?
10
Let w(j) = -j**2 + 8*j + 18. Let n be w(13). Let c = -36 - n. Calculate the remainder when c is divided by 8.
3
Let y = -14 - -20. Let j(h) = 2*h**2 - 9*h + 5. Calculate the remainder when j(y) is divided by 13.
10
Let m(y) = y + 15. Let f be m(-11). Suppose u = f*u - 78. Calculate the remainder when u is divided by 4.
2
Suppose 2 = 4*s + 3*g - 11, -2*s = -2*g - 10. Suppose 0*q - 2*q = 2*k - 8, 4*q + s = k. Suppose p = -k*p + 50. Calculate the remainder when 18 is divided by p.
8
Let u(z) be the second derivative of 14*z**3/3 - 9*z**2/2 - 2*z. Calculate the remainder when 37 is divided by u(1).
18
Calculate the remainder when 8/10 + ((-812)/(-10) - -2) is divided by 29.
26
Suppose -5*g + 28 = 8, -3*g - 48 = 5*c. Let b(z) be the first derivative of -z**2/2 - 10*z - 12. What is the remainder when 3 is divided by b(c)?
1
Let f(m) = -m**3 + m**2 + 2*m + 3. Let c be f(0). Let i(n) = -n**2 + 8*n + 3. Calculate the remainder when 71 is divided by i(c).
17
Let k(x) = -x**3 + 8*x**2 - 5*x + 6. Let u be k(8). Suppose 5*m = m + 3*b + 3, b = m. What is the remainder when -3 + (1 - m - u) is divided by 15?
14
Let a(s) = -s**2 + 14*s - 3. Suppose -c - 4*t + 30 = 0, -2*c - 2*t + 60 = 3*c. Calculate the remainder when 73 is divided by a(c).
36
Suppose -q = -2*v + 39, 10 - 6 = -4*q. Suppose -4*x + 5*l + 256 = 0, 0 = x + 2*l + 28 - 105. Calculate the remainder when x is divided by v.
12
Let i = -255 + 310. What is the remainder when 272 is divided by i?
52
Let o(s) = s**3 - 11*s**2 + 11*s - 5. Let n be o(10). Suppose -8 + 38 = -n*y. Calculate the remainder when 22 is divided by 6*y*4/(-18).
6
Suppose 0 = 6*i + 358 - 544. Calculate the remainder when i is divided by 16.
15
Suppose h = 4*w - 0*h - 408, -218 = -2*w - 3*h. Let r = 123 + -97. What is the remainder when w is divided by r?
25
Let b(p) = -p**3 - 28*p**2 + 4*p - 708. Calculate the remainder when 730 is divided by b(-29).
16
Let k(t) = -t**2 + 10*t - 9. Let x be k(9). Suppose x = 5*u - 19 - 26. Let a = 55 + -31. What is the remainder when a is divided by u?
6
Suppose -2*v - s = -2*s - 373, -5*s - 749 = -4*v. What is the remainder when v is divided by 27?
24
Suppose -20*v + 136 + 164 = 0. What is the remainder when 101 is divided by v?
11
Suppose -2*j - 2 = -4*i - 16, -5*i - 37 = 4*j. What is the remainder when 39 is divided by 14/((30/(-9))/i)?
18
Let k(m) be the second derivative of m**4/12 - 11*m**3/6 + 3*m**2 + 40*m. Calculate the remainder when 190 is divided by k(14).
46
Suppose 0 = -2*s - 5*q - 3, 0*q = -3*q - 9. Suppose 154 = s*l + 28. Calculate the remainder when 65 is divided by l.
2
Suppose -3*c = 3*i - 42, -i + 48 = 47. What is the remainder when 388 is divided by c?
11
Suppose -252 = -2*s - 0*i - 2*i, 3*i - 634 = -5*s. What is the remainder when s is divided by 31?
4
Let v = 208 - 157. What is the remainder when v is divided by 18?
15
Let v(u) = -u + 15 - 29 + 25. What is the remainder when 113 is divided by v(-12)?
21
Let z(k) = 2*k + 36. What is the remainder when z(14) is divided by 11?
9
Suppose b - 3*b - h = -72, -b = 4*h - 50. Let q(o) = -25*o + 10. What is the remainder when q(-5) is divided by b?
33
Suppose 0 = -4*v - 5*r + 192, 4*v - 4*r + 3*r = 168. Suppose 5*j - v = 2. Suppose 2 - j = k + 5*w, -4*w - 5 = k. Calculate the remainder when k is divided by 1.
0
Let k be (((-30)/(-8))/3)/((-8)/(-704)). What is the remainder when k + 5/(20/(-8)) is divided by 16?
12
Calculate the remainder when (-7)/((-315)/(-10)) + (-296)/(-36) is divided by 3.
2
Let a = 64 + -38. Suppose -a - 1 = 3*m. Let p(k) = -2*k + 21. Calculate the remainder when p(m) is divided by 10.
9
What is the remainder when 111 is divided by 9 + 8 + (-100)/10?
6
Let l(y) = y**3 - 11*y**2 + 4*y - 1. Calculate the remainder when l(13) is divided by 79.
73
Suppose -210 = 3*k - 5*k. Suppose 0 = 4*h - 5*x - k, -5*h = -x - 0*x - 126. Calculate the remainder when h is divided by (18/12 - 0)*6/1.
7
Suppose -30 = 2*z + 2*d, 0*z - 2*d - 56 = 4*z. Let h = 23 + z. What is the remainder when 9 is divided by (-4)/h + (-34)/(-10)?
0
Let z(q) = -4*q - 1. Let x be z(-1). Suppose 2*r + x*r = -10. What is the remainder when (-18)/((r/3)/2) is divided by 14?
12
Let l = 11 - 7. Suppose 4*f - y + 3*y = 68, -4*f + 60 = l*y. What is the remainder when f is divided by 11?
8
Let g = -45 + 50. Let k(a) = -a**3 + 3*a**2 + 12*a - 4. Calculate the remainder when 23 is divided by k(g).
5
Suppose 2*o - 26*v - 55 = -23*v, 5*v = -5*o + 125. Calculate the remainder when 517 is divided by o.
23
Suppose 3*j - 4 = 20. Let p be (-4)/(-14) - 60/(-35). Suppose -p = z - 16. Calculate the remainder when z is divided by j.
6
Suppose -9 = 5*t + 6, -4*i + 2*t + 146 = 0. Calculate the remainder when 768 is divided by i.
33
Let n(s) be the third derivative of s**4/12 + 11*s**3/2 + 5*s**2. Let o be n(-15). Calculate the remainder when -4 + 35 + o + 3 is divided by 19.
18
Let f be -6*10/(-3)*3. Suppose 2*l - 7*l = -f. Let u(x) = 4*x**2 + 19*x + 18. What is the remainder when u(-5) is divided by l?
11
Suppose v + h = 43, 5*v - 3*h = -0*h + 215. Calculate the remainder when v is divided by (198/27)/(2/6).
21
What is the remainder when 381 + 2 + -1 - (-16 + 15) is divided by 12?
11
Suppose 0*m + 5*m - 15 = 0. Suppose -m*x = -2*i + 6*i - 116, 5*i - 89 = -2*x. Suppose 2*j - x = -0*j. What is the remainder when 47 is divided by j?
15
Let x(t) be the first derivative of 11*t**3/3 - 3*t**2/2 - t - 10. Calculate the remainder when 21 is divided by x(-1).
8
Suppose 0 = -3*w - 15, -2*m = -4*m - 2*w + 30. Suppose 0 = r - 5*v + 2*v - m, -70 = -3*r - v. What is the remainder when r is divided by 6?
5
Let o(p) = p**2 + 16*p - 49. Calculate the remainder when 613 is divided by o(-20).
24
What is the remainder when 3 - (-117)/(1 + 0) is divided by 44?
32
Suppose 3*z = -2*u + 54, -z + 7 - 2 = 5*u. Suppose 0 = -4*t + 2*p + 154, 122 = -t + 4*t + 5*p. What is the remainder when t is divided by z?
19
Suppose 2*w - 10 = 0, -4*k + 172 = -3*w + 47. What is the remainder when k is divided by -1 - 4*7/(-2)?
9
Suppose 2*p + 85 = 5*f, 3*p - 2*f + 145 = 2*f. Let q = -18 - 1. Let n = q - p. Calculate the remainder when n is divided by 19.
17
Suppose 2877 + 263 = 20*x. Calculate the remainder when x is divided by 40.
37
Let x = 38 + -40. Let b be (6 - (x - -4)) + -1. Suppose 5*w = b*w + 198. Calculate the remainder when w is divided by 34.
31
Suppose 5*d = -1 + 106. Suppose -r + 17 = -h, 5*r - 31 = 2*r - 2*h. Let n = d - r. Calculate the remainder when 13 is divided by n.
5
Let h = -28 + 50. Let t = -1 + 42. Calculate the remainder when t is divided by h.
19
Let z be (-54)/(-24) - -2 - (-2)/(-8). Let p(m) = -m + 7. Calculate the remainder when p(z) is divided by 1.
0
Let n be (8/(-12))/(((-28)/(-726))/(-7)). Let k = -90 + n. Calculate the remainder when 91 is divided by k.
29
Suppose 178*o - 169*o = 2763. Calculate the remainder when o is divided by 83.
58
What is the remainder when ((-1)/((-15)/(-6)))/(2/(-380)) is divided by 39?
37
Suppose 3*j - 114 = -j - 2*u, 0 = j - 4*u - 42. Calculate the remainder when 40 is divided by 22*(-6)/(-4)*20/j.
18
Suppose 0 = 3*q - 2*m - 895, 8*q + 2*m = 7*m + 2388. What is the remainder when q is divided by 63?
49
Let u(m) = m**2 - 11*m + 14. Let x be u(10). Suppose 3*s + x*r = 41, 0*s + 4*s - 72 = -r. Suppose c = 2*c - s. What is the remainder when 37 is divided by c?
18
Suppose 5*y + 0*y - 60 = 0. Suppose 1 = 5*c - 9. Suppose 4*w + o = 137, -c*o + 2 + 0 = 0. Calculate the remainder when w is divided by y.
10
Let c(t) = t**3 - 2*t**2. Suppose -4*o + 4 = 4*z, -6 = -3*z - o + 1. Let s be c(z). Let m(u) = u + 4. What is the remainder when m(s) is divided by 7?
6
Let b be 62/3 + 2/(-3). Suppose r - b = 5*r. Calculate the remainder when (8 + r)/((-3